e f(9).
-39
Let r(j) = 2*j**3 - 68*j**2 + 241*j - 32. What is r(30)?
-2
Let g(d) = -d**2 + 41*d + 2233. What is g(72)?
1
Let d(r) = -14*r + 632. Determine d(25).
282
Let b(w) = -2*w - 76. Give b(7).
-90
Let w(n) = -11*n**2 - 218*n + 40. Give w(-21).
-233
Let r(f) = -f**2 + 15*f - 43. Give r(8).
13
Let y(b) = -490*b - 496. Calculate y(-1).
-6
Let s(a) = 218*a - 3922. What is s(18)?
2
Let l(k) = 160*k - 36244. Calculate l(227).
76
Let o(v) = -10*v - 169. What is o(-54)?
371
Let m(h) = -3*h - 417. Calculate m(-93).
-138
Let s(m) = 9914*m - 29744. Give s(3).
-2
Let p(g) = -g**3 - 35*g**2 + 1252*g - 136. What is p(-57)?
-22
Let k(f) = -2*f**2 - 1184*f + 7147. Determine k(6).
-29
Let r(h) = -189*h**2 + 15*h - 4. What is r(1)?
-178
Let f(k) = 5*k**2 + 15*k - 8. What is f(-6)?
82
Let y(l) = -10*l**2 + 244*l + 400. Calculate y(26).
-16
Let i(k) = -7680*k + 330243. What is i(43)?
3
Let v(k) = -k**2 - 15*k + 283. Give v(-32).
-261
Let p(x) = 3*x**2 - 29*x + 25. Calculate p(6).
-41
Let p(w) = -9*w**3 - 55*w**2 + 13*w + 120. Calculate p(-6).
6
Let h(c) = -202*c - 904. Determine h(-4).
-96
Let r(a) = -a**3 - 8*a**2 + 32*a + 38. Calculate r(-12).
230
Let w(x) = 50*x**2 - 4*x - 12. Give w(0).
-12
Let p(x) = -x**3 - 90*x**2 - 86*x + 287. What is p(-89)?
20
Let v(k) = -k**3 + 4*k**2 - 5*k - 8. What is v(5)?
-58
Let v(o) = -o**3 + o**2 - 35*o - 210. Give v(-4).
10
Let j(t) = -t**2 + 136*t - 3081. Calculate j(29).
22
Let c(x) = x**3 - 39*x**2 + 255*x - 198. Give c(31).
19
Let c(m) = 2*m**3 - 93*m**2 + 48*m - 66. Determine c(46).
26
Let j(u) = -9*u - 65. Give j(9).
-146
Let y(r) = -4*r**3 - 74*r**2 + 24*r - 262. What is y(-19)?
4
Let b(s) = -5*s**2 - 50*s + 187. What is b(-13)?
-8
Let s(o) = -o**3 - 21*o**2 + 29*o + 159. Determine s(-22).
5
Let s(q) = 2*q**2 - 123*q + 748. Give s(55).
33
Let b(f) = -f**3 + 52*f**2 - 80*f - 3281. Give b(49).
2
Let o(f) = f**2 - 39*f - 304. What is o(-7)?
18
Let n(b) = -451*b + 14428. What is n(32)?
-4
Let b(u) = -1008*u - 17132. What is b(-17)?
4
Let p(m) = -215*m + 6. Determine p(1).
-209
Let w(v) = 5*v**2 - 16*v - 67. What is w(-3)?
26
Let m(f) = f**2 - 27*f + 177. What is m(15)?
-3
Let n(r) = -320*r - 1241. Calculate n(-4).
39
Let a(q) = q**2 - 111*q - 2782. Determine a(-21).
-10
Let o(w) = -w**3 - 6*w**2 + 13*w + 29. Determine o(-7).
-13
Let g(u) = -72*u - 16. Give g(2).
-160
Let d(n) = -3*n**2 + 372*n - 1433. What is d(120)?
7
Let l(f) = 71*f**2 + f - 3. Calculate l(-3).
633
Let x(c) = -112*c**3 - 5*c**2 - 24*c - 37. Determine x(-2).
887
Let i(y) = 88*y - 2111. Give i(24).
1
Let z(f) = -46*f + 43. What is z(1)?
-3
Let z(j) = -17*j**2 + 980*j + 981. Calculate z(-1).
-16
Let f(a) = -a**3 + 19*a**2 + 376*a - 126. What is f(31)?
-2
Let z(m) = 152*m**2 + 142*m - 1. Calculate z(-1).
9
Let z(v) = 13*v + 591. What is z(-49)?
-46
Let l(f) = -5*f**3 + 23*f**2 + 2*f - 6. What is l(5)?
-46
Let b(h) = h**3 + 34*h**2 + 127*h + 56. Give b(-29).
578
Let j(z) = 6*z**2 - 80*z - 306. Calculate j(-4).
110
Let h(a) = -18*a - 732. What is h(-39)?
-30
Let s(y) = -y**3 + 15*y**2 - 74*y + 1651. What is s(17)?
-185
Let z(b) = -b**3 + 5*b**2 - 33*b + 128. Give z(4).
12
Let q(r) = 79*r + 1230. What is q(-19)?
-271
Let t(b) = -b**3 + 4*b**2 - 12*b + 86. Calculate t(5).
1
Let i(j) = 364*j + 2076. Calculate i(-5).
256
Let m(z) = -3*z**2 + 309*z + 36. Calculate m(103).
36
Let l(b) = -63*b - 80. What is l(-5)?
235
Let s(x) = -13*x**2 - 64*x - 130. Calculate s(-2).
-54
Let d(z) = -269*z - 267. Determine d(-1).
2
Let i(h) = 5*h**2 - 289*h + 2374. What is i(10)?
-16
Let c(u) = -62*u - 565. Calculate c(-9).
-7
Let t(a) = a**3 + 18*a**2 + 74*a + 25. What is t(-6)?
13
Let a(v) = -1608*v + 6445. Determine a(4).
13
Let w(p) = -69*p - 3252. Determine w(-47).
-9
Let n(z) = z**2 - 86*z - 1181. What is n(98)?
-5
Let z(u) = -u**3 + 22*u**2 - 115*u + 20. Calculate z(9).
38
Let s(y) = 147*y**2 - 1032*y + 16. Determine s(7).
-5
Let b(l) = 10*l**3 - 7*l**2 - 7*l + 7. Calculate b(-3).
-305
Let b(l) = 2*l**2 - 100*l - 1214. What is b(60)?
-14
Let a(s) = -28*s + 1355. Determine a(47).
39
Let m(n) = -n**3 + 7*n**2 - 2*n + 14. Give m(-6).
494
Let x(r) = -13*r + 527. Calculate x(38).
33
Let t(q) = -q**2 - 6*q + 366. Give t(-18).
150
Let g(z) = -11*z**3 - 47*z**2 + 5*z - 3. Determine g(-4).
-71
Let g(c) = c**2 + 1908*c - 11489. Calculate g(6).
-5
Let j(u) = 7*u**2 + 20*u - 349. Determine j(-9).
38
Let v(n) = -83*n + 811. Determine v(3).
562
Let i(s) = 2*s**2 + 44*s + 80. Give i(-19).
-34
Let b(v) = 3*v**2 + 56*v + 253. What is b(-5)?
48
Let w(c) = -7*c**3 + 19*c**2 + 17*c - 34. Calculate w(3).
-1
Let h(y) = -y**3 + 20*y**2 - 110*y + 8. Calculate h(10).
-92
Let v(i) = i**2 + 42*i + 450. Give v(-20).
10
Let y(d) = 4113*d - 24687. Determine y(6).
-9
Let d(z) = 14*z**2 - 165*z + 392. What is d(4)?
-44
Let y(g) = g**2 - 245*g - 2274. Determine y(-9).
12
Let q(x) = 362*x + 342. Determine q(-2).
-382
Let j(h) = 388*h + 125335. Give j(-323).
11
Let v(b) = 174*b - 35855. What is v(206)?
-11
Let y(j) = j**2 + 24*j - 207. Determine y(-25).
-182
Let a(p) = -5*p - 214. Give a(-31).
-59
Let o(z) = z**3 - 3*z**2 - 8*z - 15. Give o(5).
-5
Let n(o) = -o**3 + 23*o + 22. Calculate n(-1).
0
Let i(n) = 379*n - 15162. Determine i(40).
-2
Let t(o) = 9*o**2 - o - 20. Determine t(-5).
210
Let n(t) = 29*t**2 + 27*t + 29. What is n(-1)?
31
Let l(h) = h**3 - 666*h**2 + 1324*h + 4. What is l(2)?
-4
Let p(o) = o**2 + 13*o - 2704. What is p(46)?
10
Let u(a) = 23*a - 1226. Give u(53).
-7
Let h(s) = -4*s**2 - 61*s + 27. Determine h(-17).
-92
Let b(i) = -433*i + 9137. Determine b(21).
44
Let s(f) = f**3 + 29*f**2 - 7*f - 149. Determine s(-29).
54
Let r(w) = w**3 - 5*w**2 + 17*w - 36. Determine r(3).
-3
Let s(p) = 2*p**2 - 21*p - 483. What is s(22)?
23
Let s(f) = 7*f - 172. Give s(31).
45
Let l(y) = 48*y - 21. Calculate l(0).
-21
Let l(p) = p**3 - 49*p**2 - 592*p + 118. What is l(59)?
0
Let v(a) = -39*a + 625. Determine v(16).
1
Let u(s) = s**3 + 9*s**2 - 70*s - 584. Determine u(-10).
16
Let v(h) = -h**2 - 53*h - 319. Give v(-45).
41
Let o(i) = -i**3 + 6*i**2 + 139*i - 59. Determine o(15).
1
Let p(x) = 3*x**2 - 7*x + 15. What is p(6)?
81
Let f(k) = -131*k - 151. Determine f(-1).
-20
Let p(n) = n**2 + 309*n + 16661. What is p(-70)?
-69
Let t(b) = -613*b + 10376. Give t(17).
-45
Let i(r) = -2*r + 21. What is i(-10)?
41
Let t(f) = 59*f + 751. Calculate t(-14).
-75
Let g(u) = 3*u**3 + 29*u**2 + 7*u + 21. Calculate g(-10).
-149
Let i(m) = -m**3 + 68*m**2 - 12*m + 965. What is i(68)?
149
Let k(s) = -4*s**3 - 4*s**2 - 5*s + 35. Calculate k(6).
-1003
Let v(q) = -4662*q - 13982. Determine v(-3).
4
Let x(r) = 242*r - 6727. What is x(28)?
49
Let q(h) = -h**3 - 2*h**2 + 2*h - 35. What is q(-7)?
196
Let s(x) = -202*x - 3959. Calculate s(-20).
81
Let x(o) = 212*o - 2070. What is x(10)?
50
Let y(s) = -3*s**2 + 6*s + 6. Give y(-2).
-18
Let r(q) = -4*q**2 + 106*q - 334. What is r(23)?
-12
Let k(w) = 100*w + 239. Give k(-3).
-61
Let u(x) = 12*x**2 + 22*x + 45. Determine u(-3).
87
Let b(j) = 2*j**2 + 2288*j + 13652. Give b(-6).
-4
Let g(q) = -115*q - 21617. Calculate g(-188).
3
Let q(o) = -o**3 + 115*o**2 + 598*o + 240. Give q(120).
0
Let r(d) = -13*d**2 + 5*d + 93. Calculate r(3).
-9
Let a(f) = f**3 + 16*f**2 - 3*f - 23. What is a(-16)?
25
Let j(o) = 195*o + 6617. Calculate j(-34).
-13
Let m(y) = -14*y + 127. What is m(3)?
85
Let r(d) = 2*d**3 + 4*d + 69. What is r(0)?
69
Let s(z) = -z**3 - 6*z**2 + 54*z - 11. Give s(-11).
0
Let t(z) = -z**2 - 5*z - 38. What is t(-10)?
-88
Let j(z) = -144*z + 2734. Determine j(19).
-2
Let a(l) = 12*l**2 - 34*l - 1. What is a(4)?
55
Let v(p) = -p**3 + 65*p**2 - 186*p - 196. What is v(62)?
-196
Let h(z) = -9582*z - 114972. What is h(-12)?
12
Let x(q) = -q - 67. Calculate x(3).
-70
Let g(p) = -p**3 - 8*p**2 + 105*p - 19. What is g(-15)?
-19
Let j(t) = -2*t**2 + 16*t + 3. Calculate j(2).
27
Let l(y) = 16*y - 41. Determine l(3).
7
Let f(u) = 89*u**3 + 24*u - 25. Calculate f(1).
88
Let b(m) = 4407*m - 48466. Give b(11).
11
Let t(o) = o**3 + 14*o**2 + 9*o - 45. What is t(-14)?
-171
Let i(s) = -1087*s + 1100. Determine i(1).
13
Let u(j) = j**3 - 49*j**2 - 54*j + 224. What is u(50)?
24
Let g(i) = 33*i + 2900. Determine g(-87).
29
Let n(q) = -q**2 + 23*q - 103. Give n(17).
-1
Let q(y) = 7*y**2 + 31*y + 6. 